{"id":1033,"date":"2019-12-19T15:05:39","date_gmt":"2019-12-19T14:05:39","guid":{"rendered":"https:\/\/futfutcollectif.fr\/?page_id=1033"},"modified":"2023-04-12T08:51:22","modified_gmt":"2023-04-12T06:51:22","slug":"nos-actions_fuite-de-clown","status":"publish","type":"page","link":"https:\/\/futfutcollectif.fr\/index.php\/nos-actions_fuite-de-clown\/","title":{"rendered":"PROJETS COLLECTIFS"},"content":{"rendered":"<div class=\"fusion-fullwidth fullwidth-box fusion-builder-row-1 fusion-flex-container hundred-percent-fullwidth non-hundred-percent-height-scrolling\" style=\"background-color: rgba(255,255,255,0);background-position: left top;background-repeat: no-repeat;border-width: 0px 0px 0px 0px;border-color:#e2e2e2;border-style:solid;\" ><div class=\"fusion-builder-row fusion-row fusion-flex-align-items-stretch\" style=\"width:calc( 100% + 0px ) !important;max-width:calc( 100% + 0px ) !important;margin-left: calc(-0px \/ 2 );margin-right: calc(-0px \/ 2 );\"><div class=\"fusion-layout-column fusion_builder_column fusion-builder-column-0 fusion_builder_column_1_1 1_1 fusion-flex-column\"><div class=\"fusion-column-wrapper fusion-flex-justify-content-center fusion-content-layout-column\" style=\"background-position:left top;background-repeat:no-repeat;-webkit-background-size:cover;-moz-background-size:cover;-o-background-size:cover;background-size:cover;padding: 10% 10% 10% 10%;\"><div class=\"fusion-text fusion-text-1\"><h2>PROJETS COLLECTIFS<\/h2>\n<\/div><div class=\"fusion-separator\" style=\"align-self: flex-start;margin-right:auto;margin-top:30px;margin-bottom:50px;width:100%;max-width:170px;\"><\/div><div class=\"fusion-text fusion-text-2\" style=\"text-align:left;\"><p>Retrouvez le collectif sur des projets \u00e9ph\u00e9m\u00e8res, des performances spontan\u00e9es, des rencontres po\u00e9tiques et clownesques, des \u00e9v\u00e9nements burlesques ! Faites-les entrer chez vous, l&rsquo;espace d&rsquo;un apr\u00e8s-midi, invitez-les \u00e0 vos banquets et \u00e0 vos f\u00eates, \u00e0 vos salons et autres comit\u00e9s !<\/p>\n<p>Car le collectif c&rsquo;est aussi :<\/p>\n<\/div><div class=\"fusion-text fusion-text-3\" style=\"text-align:left;\"><p>Les<strong> FUITES DE CLOWNS<br \/>\n<\/strong><\/p>\n<p>Dans un lieu public ou priv\u00e9, au sein d&rsquo;un festival, d&rsquo;une \u00e9cole, d&rsquo;un march\u00e9 ou d&rsquo;une biblioth\u00e8que, sur un bateau, dans un train ou dans un avion, un temps de rendez-vous entre les clowns du F\u00fct-F\u00fct et un public.<br \/>\nEn d\u00e9coule, des d\u00e9lires, des accidents, de la folie, de la virtuosit\u00e9 et de l&rsquo;amour aussi.<\/p>\n<\/div><div style=\"text-align:center;\"><style type=\"text\/css\">.fusion-button.button-1 {border-radius:17px;}<\/style><a class=\"fusion-button button-flat button-xlarge button-default button-1 fusion-button-default-span fusion-button-default-type\" target=\"_blank\" rel=\"noopener noreferrer\" href=\"https:\/\/futfutcollectif.fr\/wp-content\/uploads\/2020\/11\/Dossier-Fuite-de-clowns-.pdf\" style=\"margin-top:30px;\"><span class=\"fusion-button-text\">&gt;&gt; Dossier Fuite de Clowns &lt;&lt;<\/span><\/a><\/div><div class=\"fusion-separator fusion-full-width-sep\" style=\"align-self: center;margin-left: auto;margin-right: auto;margin-top:40px;width:100%;\"><\/div><div class=\"fusion-separator fusion-full-width-sep\" style=\"align-self: center;margin-left: auto;margin-right: auto;width:100%;\"><\/div><style type=\"text\/css\">.fusion-gallery-1 .fusion-gallery-image {border:4px solid #ffffff;}<\/style><div class=\"fusion-gallery fusion-gallery-container fusion-grid-2 fusion-columns-total-2 fusion-gallery-layout-grid fusion-gallery-1\" style=\"margin:-5px;\"><div style=\"padding:5px;\" class=\"fusion-grid-column fusion-gallery-column fusion-gallery-column-2 hover-type-none\"><div class=\"fusion-gallery-image\"><a href=\"https:\/\/futfutcollectif.fr\/wp-content\/uploads\/2020\/03\/Copie-de-thumb_IMG_7939_1024.jpg\" rel=\"noreferrer\" data-rel=\"iLightbox[gallery_image_1]\" class=\"fusion-lightbox\" target=\"_self\"><img decoding=\"async\" src=\"https:\/\/futfutcollectif.fr\/wp-content\/uploads\/2020\/03\/Copie-de-thumb_IMG_7939_1024.jpg\" width=\"1086\" height=\"724\" alt=\"\" title=\"Copie de thumb img 7939 1024\" aria-label=\"Copie de thumb img 7939 1024\" class=\"img-responsive wp-image-1054\" srcset=\"https:\/\/futfutcollectif.fr\/wp-content\/uploads\/2020\/03\/Copie-de-thumb_IMG_7939_1024-200x133.jpg 200w, https:\/\/futfutcollectif.fr\/wp-content\/uploads\/2020\/03\/Copie-de-thumb_IMG_7939_1024-400x267.jpg 400w, https:\/\/futfutcollectif.fr\/wp-content\/uploads\/2020\/03\/Copie-de-thumb_IMG_7939_1024-600x400.jpg 600w, https:\/\/futfutcollectif.fr\/wp-content\/uploads\/2020\/03\/Copie-de-thumb_IMG_7939_1024-800x533.jpg 800w, https:\/\/futfutcollectif.fr\/wp-content\/uploads\/2020\/03\/Copie-de-thumb_IMG_7939_1024.jpg 1086w\" sizes=\"(min-width: 2200px) 100vw, (min-width: 992px) 598px, (min-width: 920px) 992px, \" \/><\/a><\/div><\/div><div style=\"padding:5px;\" class=\"fusion-grid-column fusion-gallery-column fusion-gallery-column-2 hover-type-none\"><div class=\"fusion-gallery-image\"><a href=\"https:\/\/futfutcollectif.fr\/wp-content\/uploads\/2020\/03\/Copie-de-thumb_IMG_7710_1024.jpg\" rel=\"noreferrer\" data-rel=\"iLightbox[gallery_image_1]\" class=\"fusion-lightbox\" target=\"_self\"><img decoding=\"async\" src=\"https:\/\/futfutcollectif.fr\/wp-content\/uploads\/2020\/03\/Copie-de-thumb_IMG_7710_1024.jpg\" width=\"1086\" height=\"724\" alt=\"\" title=\"thumb img 7710 1024\" aria-label=\"thumb img 7710 1024\" class=\"img-responsive wp-image-1056\" srcset=\"https:\/\/futfutcollectif.fr\/wp-content\/uploads\/2020\/03\/Copie-de-thumb_IMG_7710_1024-200x133.jpg 200w, https:\/\/futfutcollectif.fr\/wp-content\/uploads\/2020\/03\/Copie-de-thumb_IMG_7710_1024-400x267.jpg 400w, https:\/\/futfutcollectif.fr\/wp-content\/uploads\/2020\/03\/Copie-de-thumb_IMG_7710_1024-600x400.jpg 600w, https:\/\/futfutcollectif.fr\/wp-content\/uploads\/2020\/03\/Copie-de-thumb_IMG_7710_1024-800x533.jpg 800w, https:\/\/futfutcollectif.fr\/wp-content\/uploads\/2020\/03\/Copie-de-thumb_IMG_7710_1024.jpg 1086w\" sizes=\"(min-width: 2200px) 100vw, (min-width: 992px) 598px, (min-width: 920px) 992px, \" \/><\/a><\/div><\/div><div class=\"clearfix\"><\/div><\/div><div class=\"fusion-text fusion-text-4\" style=\"margin-top:120px;\"><p>La<strong> FUITE A VOILES<\/strong><\/p>\n<\/div><div class=\"fusion-text fusion-text-5\"><p style=\"text-align: left;\">Les clowns du F\u00fct-F\u00fct Collectif et leurs complices de voyage embarquent sur trois voiliers pour une semaine de croisi\u00e8re touristique. Ils accostent chaque soir dans un nouveau port, qu\u2019il pleuve o\u00f9 qu\u2019il vente ! \u00a0\u00a0Abordage laborieux , accidents de plaisance, fanfaronnade sur le quai, \u00a0rencontres impromptues\u2026 ils vous offrent un singulier moment de partage et de spectacle !<\/p>\n<\/div><div class=\"fusion-separator fusion-full-width-sep\" style=\"align-self: center;margin-left: auto;margin-right: auto;margin-top:5%;width:100%;\"><\/div><style type=\"text\/css\">.fusion-gallery-2 .fusion-gallery-image {border:4px solid #e2e2e2;}<\/style><div class=\"fusion-gallery fusion-gallery-container fusion-grid-2 fusion-columns-total-2 fusion-gallery-layout-grid fusion-gallery-2\" style=\"margin:-5px;\"><div style=\"padding:5px;\" class=\"fusion-grid-column fusion-gallery-column fusion-gallery-column-2 hover-type-none\"><div class=\"fusion-gallery-image\"><a href=\"https:\/\/futfutcollectif.fr\/wp-content\/uploads\/2022\/02\/IMG_20210623_182302_623-scaled.jpg\" rel=\"noreferrer\" data-rel=\"iLightbox[gallery_image_2]\" class=\"fusion-lightbox\" target=\"_self\"><img decoding=\"async\" src=\"https:\/\/futfutcollectif.fr\/wp-content\/uploads\/2022\/02\/IMG_20210623_182302_623-scaled.jpg\" width=\"2560\" height=\"1920\" alt=\"\" title=\"IMG_20210623_182302_623\" aria-label=\"IMG_20210623_182302_623\" class=\"img-responsive wp-image-2419\" srcset=\"https:\/\/futfutcollectif.fr\/wp-content\/uploads\/2022\/02\/IMG_20210623_182302_623-200x150.jpg 200w, https:\/\/futfutcollectif.fr\/wp-content\/uploads\/2022\/02\/IMG_20210623_182302_623-400x300.jpg 400w, https:\/\/futfutcollectif.fr\/wp-content\/uploads\/2022\/02\/IMG_20210623_182302_623-600x450.jpg 600w, https:\/\/futfutcollectif.fr\/wp-content\/uploads\/2022\/02\/IMG_20210623_182302_623-800x600.jpg 800w, https:\/\/futfutcollectif.fr\/wp-content\/uploads\/2022\/02\/IMG_20210623_182302_623-1200x900.jpg 1200w, https:\/\/futfutcollectif.fr\/wp-content\/uploads\/2022\/02\/IMG_20210623_182302_623-scaled.jpg 2560w\" sizes=\"(min-width: 2200px) 100vw, (min-width: 992px) 598px, (min-width: 920px) 992px, \" \/><\/a><\/div><\/div><div style=\"padding:5px;\" class=\"fusion-grid-column fusion-gallery-column fusion-gallery-column-2 hover-type-none\"><div class=\"fusion-gallery-image\"><a href=\"https:\/\/futfutcollectif.fr\/wp-content\/uploads\/2022\/02\/DSC04582-scaled-e1687951324723.jpg\" rel=\"noreferrer\" data-rel=\"iLightbox[gallery_image_2]\" class=\"fusion-lightbox\" target=\"_self\"><img decoding=\"async\" src=\"https:\/\/futfutcollectif.fr\/wp-content\/uploads\/2022\/02\/DSC04582-scaled-e1687951324723.jpg\" width=\"1900\" height=\"1545\" alt=\"\" title=\"SONY DSC\" aria-label=\"SONY DSC\" class=\"img-responsive wp-image-2408\" srcset=\"https:\/\/futfutcollectif.fr\/wp-content\/uploads\/2022\/02\/DSC04582-scaled-e1687951324723-200x163.jpg 200w, https:\/\/futfutcollectif.fr\/wp-content\/uploads\/2022\/02\/DSC04582-scaled-e1687951324723-400x325.jpg 400w, https:\/\/futfutcollectif.fr\/wp-content\/uploads\/2022\/02\/DSC04582-scaled-e1687951324723-600x488.jpg 600w, https:\/\/futfutcollectif.fr\/wp-content\/uploads\/2022\/02\/DSC04582-scaled-e1687951324723-800x651.jpg 800w, https:\/\/futfutcollectif.fr\/wp-content\/uploads\/2022\/02\/DSC04582-scaled-e1687951324723-1200x976.jpg 1200w, https:\/\/futfutcollectif.fr\/wp-content\/uploads\/2022\/02\/DSC04582-scaled-e1687951324723.jpg 1900w\" sizes=\"(min-width: 2200px) 100vw, (min-width: 992px) 598px, (min-width: 920px) 992px, \" \/><\/a><\/div><\/div><div class=\"clearfix\"><\/div><\/div><div class=\"fusion-separator fusion-full-width-sep\" style=\"align-self: center;margin-left: auto;margin-right: auto;margin-top:10%;width:100%;\"><\/div><div class=\"fusion-text fusion-text-6\"><p>La <strong>GRANDE R\u00caVERIE<\/strong><\/p>\n<p>Un dispositif n\u00e9 en 2022 \u00e0 l&rsquo;occasion du festival F\u00e9ria du Th\u00e9\u00e2tre du Plateau. Le collectif invite les habitants \u00e0 red\u00e9couvrir leurs quartiers. Micro-trottoirs, balades d\u00e9cal\u00e9es, cri\u00e9es, stands immersifs. Un \u00e9v\u00e8nement incommensurable, adaptable \u00e0 diff\u00e9rentes configurations (villages, quartiers, \u00e9tablissements accueillants du publics, festivals, &#8230;.). Avec en cl\u00f4ture un cabaret onirique: le Grand R\u00eave.<\/p>\n<\/div><div class=\"fusion-separator fusion-full-width-sep\" style=\"align-self: center;margin-left: auto;margin-right: auto;margin-top:5%;width:100%;\"><\/div><style type=\"text\/css\">.fusion-gallery-3 .fusion-gallery-image {border:4px solid #e2e2e2;}<\/style><div class=\"fusion-gallery fusion-gallery-container fusion-grid-2 fusion-columns-total-2 fusion-gallery-layout-grid fusion-gallery-3\" style=\"margin:-5px;\"><div style=\"padding:5px;\" class=\"fusion-grid-column fusion-gallery-column fusion-gallery-column-2 hover-type-none\"><div class=\"fusion-gallery-image\"><a href=\"https:\/\/futfutcollectif.fr\/wp-content\/uploads\/2023\/04\/IMG-20220712-WA0016.jpg\" rel=\"noreferrer\" data-rel=\"iLightbox[gallery_image_3]\" class=\"fusion-lightbox\" target=\"_self\"><img decoding=\"async\" src=\"https:\/\/futfutcollectif.fr\/wp-content\/uploads\/2023\/04\/IMG-20220712-WA0016.jpg\" width=\"1600\" height=\"901\" alt=\"\" title=\"IMG-20220712-WA0016\" aria-label=\"IMG-20220712-WA0016\" class=\"img-responsive wp-image-2752\" srcset=\"https:\/\/futfutcollectif.fr\/wp-content\/uploads\/2023\/04\/IMG-20220712-WA0016-200x113.jpg 200w, https:\/\/futfutcollectif.fr\/wp-content\/uploads\/2023\/04\/IMG-20220712-WA0016-400x225.jpg 400w, https:\/\/futfutcollectif.fr\/wp-content\/uploads\/2023\/04\/IMG-20220712-WA0016-600x338.jpg 600w, https:\/\/futfutcollectif.fr\/wp-content\/uploads\/2023\/04\/IMG-20220712-WA0016-800x451.jpg 800w, https:\/\/futfutcollectif.fr\/wp-content\/uploads\/2023\/04\/IMG-20220712-WA0016-1200x676.jpg 1200w, https:\/\/futfutcollectif.fr\/wp-content\/uploads\/2023\/04\/IMG-20220712-WA0016.jpg 1600w\" sizes=\"(min-width: 2200px) 100vw, (min-width: 992px) 598px, (min-width: 920px) 992px, \" \/><\/a><\/div><\/div><div style=\"padding:5px;\" class=\"fusion-grid-column fusion-gallery-column fusion-gallery-column-2 hover-type-none\"><div class=\"fusion-gallery-image\"><a href=\"https:\/\/futfutcollectif.fr\/wp-content\/uploads\/2023\/04\/IMG-20220712-WA0017.jpg\" rel=\"noreferrer\" data-rel=\"iLightbox[gallery_image_3]\" class=\"fusion-lightbox\" target=\"_self\"><img decoding=\"async\" src=\"https:\/\/futfutcollectif.fr\/wp-content\/uploads\/2023\/04\/IMG-20220712-WA0017.jpg\" width=\"1600\" height=\"901\" alt=\"\" title=\"IMG-20220712-WA0017\" aria-label=\"IMG-20220712-WA0017\" class=\"img-responsive wp-image-2751\" srcset=\"https:\/\/futfutcollectif.fr\/wp-content\/uploads\/2023\/04\/IMG-20220712-WA0017-200x113.jpg 200w, https:\/\/futfutcollectif.fr\/wp-content\/uploads\/2023\/04\/IMG-20220712-WA0017-400x225.jpg 400w, https:\/\/futfutcollectif.fr\/wp-content\/uploads\/2023\/04\/IMG-20220712-WA0017-600x338.jpg 600w, https:\/\/futfutcollectif.fr\/wp-content\/uploads\/2023\/04\/IMG-20220712-WA0017-800x451.jpg 800w, https:\/\/futfutcollectif.fr\/wp-content\/uploads\/2023\/04\/IMG-20220712-WA0017-1200x676.jpg 1200w, https:\/\/futfutcollectif.fr\/wp-content\/uploads\/2023\/04\/IMG-20220712-WA0017.jpg 1600w\" sizes=\"(min-width: 2200px) 100vw, (min-width: 992px) 598px, (min-width: 920px) 992px, \" \/><\/a><\/div><\/div><div class=\"clearfix\"><\/div><\/div><\/div><style type=\"text\/css\">.fusion-body .fusion-builder-column-0{width:100% !important;margin-top : 0px;margin-bottom : 0px;}.fusion-builder-column-0 > .fusion-column-wrapper {padding-top : 10% !important;padding-right : 10% !important;margin-right : 0px;padding-bottom : 10% !important;padding-left : 10% !important;margin-left : 0px;}@media only screen and (max-width:1024px) {.fusion-body .fusion-builder-column-0{width:100% !important;}.fusion-builder-column-0 > .fusion-column-wrapper {margin-right : 0px;margin-left : 0px;}}@media only screen and (max-width:640px) {.fusion-body .fusion-builder-column-0{width:100% !important;}.fusion-builder-column-0 > .fusion-column-wrapper {margin-right : 0px;margin-left : 0px;}}<\/style><\/div><\/div><style type=\"text\/css\">.fusion-body .fusion-flex-container.fusion-builder-row-1{ padding-top : 0px;margin-top : -50px;padding-right : 0px;padding-bottom : 0px;margin-bottom : 0px;padding-left : 0px;}<\/style><\/div>\n","protected":false},"excerpt":{"rendered":"","protected":false},"author":1,"featured_media":0,"parent":0,"menu_order":0,"comment_status":"closed","ping_status":"closed","template":"","meta":{"footnotes":""},"class_list":["post-1033","page","type-page","status-publish","hentry"],"yoast_head":"<!-- This site is optimized with the Yoast SEO plugin v23.5 - https:\/\/yoast.com\/wordpress\/plugins\/seo\/ -->\n<title>Fuite de Clown - F\u00fct F\u00fct collectif - Groupement d&#039;excentriques associ\u00e9s<\/title>\n<meta name=\"description\" content=\"Une Fuite de clown, une d\u00e9ambulation, une action du F\u00fct-F\u00fct Collectif qui s&#039;int\u00e8gre dans votre festival, \u00e9cole, entreprise, h\u00f4pital...\" \/>\n<meta name=\"robots\" content=\"index, follow, max-snippet:-1, max-image-preview:large, max-video-preview:-1\" \/>\n<link rel=\"canonical\" href=\"https:\/\/futfutcollectif.fr\/index.php\/nos-actions_fuite-de-clown\/\" \/>\n<meta property=\"og:locale\" content=\"fr_FR\" \/>\n<meta property=\"og:type\" content=\"article\" \/>\n<meta property=\"og:title\" content=\"Fuite de Clown - F\u00fct F\u00fct collectif - Groupement d&#039;excentriques associ\u00e9s\" \/>\n<meta property=\"og:description\" content=\"Une Fuite de clown, une d\u00e9ambulation, une action du F\u00fct-F\u00fct Collectif qui s&#039;int\u00e8gre dans votre festival, \u00e9cole, entreprise, h\u00f4pital...\" \/>\n<meta property=\"og:url\" content=\"https:\/\/futfutcollectif.fr\/index.php\/nos-actions_fuite-de-clown\/\" \/>\n<meta property=\"og:site_name\" content=\"F\u00fct F\u00fct collectif\" \/>\n<meta property=\"article:publisher\" content=\"https:\/\/www.facebook.com\/F%c3%bct-F%c3%bct-collectif-102157784486357\/\" \/>\n<meta property=\"article:modified_time\" content=\"2023-04-12T06:51:22+00:00\" \/>\n<meta name=\"twitter:card\" content=\"summary_large_image\" \/>\n<meta name=\"twitter:label1\" content=\"Dur\u00e9e de lecture estim\u00e9e\" \/>\n\t<meta name=\"twitter:data1\" content=\"4 minutes\" \/>\n<script type=\"application\/ld+json\" class=\"yoast-schema-graph\">{\"@context\":\"https:\/\/schema.org\",\"@graph\":[{\"@type\":\"WebPage\",\"@id\":\"https:\/\/futfutcollectif.fr\/index.php\/nos-actions_fuite-de-clown\/\",\"url\":\"https:\/\/futfutcollectif.fr\/index.php\/nos-actions_fuite-de-clown\/\",\"name\":\"Fuite de Clown - F\u00fct F\u00fct collectif - Groupement d&#039;excentriques associ\u00e9s\",\"isPartOf\":{\"@id\":\"https:\/\/futfutcollectif.fr\/#website\"},\"datePublished\":\"2019-12-19T14:05:39+00:00\",\"dateModified\":\"2023-04-12T06:51:22+00:00\",\"description\":\"Une Fuite de clown, une d\u00e9ambulation, une action du F\u00fct-F\u00fct Collectif qui s'int\u00e8gre dans votre festival, \u00e9cole, entreprise, h\u00f4pital...\",\"breadcrumb\":{\"@id\":\"https:\/\/futfutcollectif.fr\/index.php\/nos-actions_fuite-de-clown\/#breadcrumb\"},\"inLanguage\":\"fr-FR\",\"potentialAction\":[{\"@type\":\"ReadAction\",\"target\":[\"https:\/\/futfutcollectif.fr\/index.php\/nos-actions_fuite-de-clown\/\"]}]},{\"@type\":\"BreadcrumbList\",\"@id\":\"https:\/\/futfutcollectif.fr\/index.php\/nos-actions_fuite-de-clown\/#breadcrumb\",\"itemListElement\":[{\"@type\":\"ListItem\",\"position\":1,\"name\":\"Accueil\",\"item\":\"https:\/\/futfutcollectif.fr\/\"},{\"@type\":\"ListItem\",\"position\":2,\"name\":\"PROJETS COLLECTIFS\"}]},{\"@type\":\"WebSite\",\"@id\":\"https:\/\/futfutcollectif.fr\/#website\",\"url\":\"https:\/\/futfutcollectif.fr\/\",\"name\":\"F\u00fct F\u00fct collectif\",\"description\":\"Groupement d&#039;excentriques associ\u00e9s\",\"publisher\":{\"@id\":\"https:\/\/futfutcollectif.fr\/#organization\"},\"potentialAction\":[{\"@type\":\"SearchAction\",\"target\":{\"@type\":\"EntryPoint\",\"urlTemplate\":\"https:\/\/futfutcollectif.fr\/?s={search_term_string}\"},\"query-input\":{\"@type\":\"PropertyValueSpecification\",\"valueRequired\":true,\"valueName\":\"search_term_string\"}}],\"inLanguage\":\"fr-FR\"},{\"@type\":\"Organization\",\"@id\":\"https:\/\/futfutcollectif.fr\/#organization\",\"name\":\"F\u00fct F\u00fct collectif\",\"url\":\"https:\/\/futfutcollectif.fr\/\",\"logo\":{\"@type\":\"ImageObject\",\"inLanguage\":\"fr-FR\",\"@id\":\"https:\/\/futfutcollectif.fr\/#\/schema\/logo\/image\/\",\"url\":\"https:\/\/futfutcollectif.fr\/wp-content\/uploads\/2019\/12\/futfutcollectifsite-internet-e1575997325447-1.jpg\",\"contentUrl\":\"https:\/\/futfutcollectif.fr\/wp-content\/uploads\/2019\/12\/futfutcollectifsite-internet-e1575997325447-1.jpg\",\"width\":200,\"height\":354,\"caption\":\"F\u00fct F\u00fct collectif\"},\"image\":{\"@id\":\"https:\/\/futfutcollectif.fr\/#\/schema\/logo\/image\/\"},\"sameAs\":[\"https:\/\/www.facebook.com\/F\u00fct-F\u00fct-collectif-102157784486357\/\",\"https:\/\/www.instagram.com\/futfutcollectif\/\"]}]}<\/script>\n<!-- \/ Yoast SEO plugin. -->","yoast_head_json":{"title":"Fuite de Clown - F\u00fct F\u00fct collectif - Groupement d&#039;excentriques associ\u00e9s","description":"Une Fuite de clown, une d\u00e9ambulation, une action du F\u00fct-F\u00fct Collectif qui s'int\u00e8gre dans votre festival, \u00e9cole, entreprise, h\u00f4pital...","robots":{"index":"index","follow":"follow","max-snippet":"max-snippet:-1","max-image-preview":"max-image-preview:large","max-video-preview":"max-video-preview:-1"},"canonical":"https:\/\/futfutcollectif.fr\/index.php\/nos-actions_fuite-de-clown\/","og_locale":"fr_FR","og_type":"article","og_title":"Fuite de Clown - F\u00fct F\u00fct collectif - Groupement d&#039;excentriques associ\u00e9s","og_description":"Une Fuite de clown, une d\u00e9ambulation, une action du F\u00fct-F\u00fct Collectif qui s'int\u00e8gre dans votre festival, \u00e9cole, entreprise, h\u00f4pital...","og_url":"https:\/\/futfutcollectif.fr\/index.php\/nos-actions_fuite-de-clown\/","og_site_name":"F\u00fct F\u00fct collectif","article_publisher":"https:\/\/www.facebook.com\/F%c3%bct-F%c3%bct-collectif-102157784486357\/","article_modified_time":"2023-04-12T06:51:22+00:00","twitter_card":"summary_large_image","twitter_misc":{"Dur\u00e9e de lecture estim\u00e9e":"4 minutes"},"schema":{"@context":"https:\/\/schema.org","@graph":[{"@type":"WebPage","@id":"https:\/\/futfutcollectif.fr\/index.php\/nos-actions_fuite-de-clown\/","url":"https:\/\/futfutcollectif.fr\/index.php\/nos-actions_fuite-de-clown\/","name":"Fuite de Clown - F\u00fct F\u00fct collectif - Groupement d&#039;excentriques associ\u00e9s","isPartOf":{"@id":"https:\/\/futfutcollectif.fr\/#website"},"datePublished":"2019-12-19T14:05:39+00:00","dateModified":"2023-04-12T06:51:22+00:00","description":"Une Fuite de clown, une d\u00e9ambulation, une action du F\u00fct-F\u00fct Collectif qui s'int\u00e8gre dans votre festival, \u00e9cole, entreprise, h\u00f4pital...","breadcrumb":{"@id":"https:\/\/futfutcollectif.fr\/index.php\/nos-actions_fuite-de-clown\/#breadcrumb"},"inLanguage":"fr-FR","potentialAction":[{"@type":"ReadAction","target":["https:\/\/futfutcollectif.fr\/index.php\/nos-actions_fuite-de-clown\/"]}]},{"@type":"BreadcrumbList","@id":"https:\/\/futfutcollectif.fr\/index.php\/nos-actions_fuite-de-clown\/#breadcrumb","itemListElement":[{"@type":"ListItem","position":1,"name":"Accueil","item":"https:\/\/futfutcollectif.fr\/"},{"@type":"ListItem","position":2,"name":"PROJETS COLLECTIFS"}]},{"@type":"WebSite","@id":"https:\/\/futfutcollectif.fr\/#website","url":"https:\/\/futfutcollectif.fr\/","name":"F\u00fct F\u00fct collectif","description":"Groupement d&#039;excentriques associ\u00e9s","publisher":{"@id":"https:\/\/futfutcollectif.fr\/#organization"},"potentialAction":[{"@type":"SearchAction","target":{"@type":"EntryPoint","urlTemplate":"https:\/\/futfutcollectif.fr\/?s={search_term_string}"},"query-input":{"@type":"PropertyValueSpecification","valueRequired":true,"valueName":"search_term_string"}}],"inLanguage":"fr-FR"},{"@type":"Organization","@id":"https:\/\/futfutcollectif.fr\/#organization","name":"F\u00fct F\u00fct collectif","url":"https:\/\/futfutcollectif.fr\/","logo":{"@type":"ImageObject","inLanguage":"fr-FR","@id":"https:\/\/futfutcollectif.fr\/#\/schema\/logo\/image\/","url":"https:\/\/futfutcollectif.fr\/wp-content\/uploads\/2019\/12\/futfutcollectifsite-internet-e1575997325447-1.jpg","contentUrl":"https:\/\/futfutcollectif.fr\/wp-content\/uploads\/2019\/12\/futfutcollectifsite-internet-e1575997325447-1.jpg","width":200,"height":354,"caption":"F\u00fct F\u00fct collectif"},"image":{"@id":"https:\/\/futfutcollectif.fr\/#\/schema\/logo\/image\/"},"sameAs":["https:\/\/www.facebook.com\/F\u00fct-F\u00fct-collectif-102157784486357\/","https:\/\/www.instagram.com\/futfutcollectif\/"]}]}},"_links":{"self":[{"href":"https:\/\/futfutcollectif.fr\/index.php\/wp-json\/wp\/v2\/pages\/1033","targetHints":{"allow":["GET"]}}],"collection":[{"href":"https:\/\/futfutcollectif.fr\/index.php\/wp-json\/wp\/v2\/pages"}],"about":[{"href":"https:\/\/futfutcollectif.fr\/index.php\/wp-json\/wp\/v2\/types\/page"}],"author":[{"embeddable":true,"href":"https:\/\/futfutcollectif.fr\/index.php\/wp-json\/wp\/v2\/users\/1"}],"replies":[{"embeddable":true,"href":"https:\/\/futfutcollectif.fr\/index.php\/wp-json\/wp\/v2\/comments?post=1033"}],"version-history":[{"count":44,"href":"https:\/\/futfutcollectif.fr\/index.php\/wp-json\/wp\/v2\/pages\/1033\/revisions"}],"predecessor-version":[{"id":3779,"href":"https:\/\/futfutcollectif.fr\/index.php\/wp-json\/wp\/v2\/pages\/1033\/revisions\/3779"}],"wp:attachment":[{"href":"https:\/\/futfutcollectif.fr\/index.php\/wp-json\/wp\/v2\/media?parent=1033"}],"curies":[{"name":"wp","href":"https:\/\/api.w.org\/{rel}","templated":true}]}}