{"id":9,"date":"2015-02-02T19:39:07","date_gmt":"2015-02-02T18:39:07","guid":{"rendered":"https:\/\/avada.theme-fusion.com_demos\/cafe\/?page_id=9"},"modified":"2026-03-16T13:27:50","modified_gmt":"2026-03-16T12:27:50","slug":"fut-fut","status":"publish","type":"page","link":"https:\/\/futfutcollectif.fr\/index.php\/fut-fut\/","title":{"rendered":"Le Collectif"},"content":{"rendered":"<div class=\"fusion-fullwidth fullwidth-box fusion-builder-row-1 fusion-flex-container nonhundred-percent-fullwidth non-hundred-percent-height-scrolling\" style=\"background-color: rgba(255,255,255,0);background-position: left top;background-repeat: no-repeat;border-width: 0px 0px 0px 0px;border-color:#e2e2e2;border-style:solid;\" ><div class=\"fusion-builder-row fusion-row fusion-flex-align-items-stretch\" style=\"max-width:calc( 1200px + 0px );margin-left: calc(-0px \/ 2 );margin-right: calc(-0px \/ 2 );\"><div class=\"fusion-layout-column fusion_builder_column fusion-builder-column-0 fusion_builder_column_1_1 1_1 fusion-flex-column\"><div class=\"fusion-column-wrapper fusion-flex-justify-content-center fusion-content-layout-column\" style=\"background-position:left top;background-repeat:no-repeat;-webkit-background-size:cover;-moz-background-size:cover;-o-background-size:cover;background-size:cover;padding: 10% 10% 10% 10%;\"><div class=\"fusion-text fusion-text-1\"><h2>LE COLLECTIF<\/h2>\n<\/div><div class=\"fusion-separator\" style=\"align-self: flex-start;margin-right:auto;margin-top:30px;margin-bottom:15px;width:100%;max-width:170px;\"><div class=\"fusion-separator-border sep-single sep-solid\" style=\"border-color:#ffffff;border-top-width:3px;\"><\/div><\/div><div class=\"fusion-text fusion-text-2\"><h4 style=\"text-align: left;\">\u00a0\u2026 et la lumi\u00e8re F\u00fct-F\u00fct !<\/h4>\n<\/div><div ><span class=\" fusion-imageframe imageframe-none imageframe-1 hover-type-none\" style=\"border:12px solid rgba(255,152,0,0.47);margin-top:0px;margin-bottom:15px;\"><img decoding=\"async\" width=\"748\" height=\"160\" title=\"Banderolle\" src=\"https:\/\/futfutcollectif.fr\/wp-content\/uploads\/2020\/11\/Banderolle-e1605007306880.jpeg\" class=\"img-responsive wp-image-1818\"\/><\/span><\/div><div class=\"fusion-text fusion-text-3\" style=\"text-align:left;\"><p style=\"text-align: left;\">Ils \u00e9taient com\u00e9diens, musiciens, \u00e9ducateurs, artistes de cirque, peintres, marionnettistes, consultant en management et m\u00eame berger !<br \/>\nIls venaient de France, de Navarre, de nos terroirs, des terres germaniques ou du pays du soleil levant.<br \/>\nIls erraient de par le monde, en qu\u00eate d\u2019un sens \u00e0 leur vie et de lendemains radieux.<br \/>\nIls ont tout quitt\u00e9, tout abandonn\u00e9, reniant fr\u00e8res et s\u0153urs, bravant les cancans et les crachats de la foule croassante, affrontant leurs propres doutes et angoisses. Et c\u2019est au bout du chemin, \u00e0 Bagnolet, au 165 avenue Pasteur, qu\u2019ils ont vu la lumi\u00e8re. Une \u00e9cole de clown burlesque et excentrique !<br \/>\nIls ont franchi la porte du Samovar, ils se sont vus et la porte s\u2019est referm\u00e9e sur eux&#8230;<\/p>\n<p>Deux ans plus tard,\u00a0 ils n\u2019ont pas trouv\u00e9 le sens de la vie mais ils ont enfin trouv\u00e9 dans quel sens s\u2019ouvrait la porte. Et c\u2019est ainsi que, soud\u00e9s comme jamais, la connerie en bandouli\u00e8re, ils s\u2019en vont sur les chemins de la cr\u00e9ation avec des envies de spectacles plein les poches, des valises de projets en tous genres, des tas de r\u00eaves sous la casquette ! \u00a0\u201cParce qu\u2019ensemble on est vachement plus fute-fute !\u201d Du coup ces petits malins, ils ont d\u00e9cid\u00e9 de faire un collectif.<\/p>\n<p>Alors ils ont dit: \u201cQue le F\u00fct-F\u00fct soit !\u201d<\/p>\n<h4>&#8230;et la lumi\u00e8re F\u00fct-F\u00fct&#8230;\u00a0 (*)<\/h4>\n<p><img decoding=\"async\" class=\"wp-image-1551 aligncenter\" src=\"https:\/\/futfutcollectif.fr\/wp-content\/uploads\/2020\/09\/Copie-de-dessin-clown-2-scaled-e1603381236830.jpeg\" alt=\"\" width=\"426\" height=\"315\" \/><\/p>\n<h6 style=\"text-align: left;\"><span style=\"font-weight: 400;\">(*) Parce que les tr\u00e9mas \u00e7a fait joli, que Camille aime bien les petits points, que Gr\u00e9goire trouve que \u00e7a fait norv\u00e9gien et \u00e7a c\u2019est classe, que Moran y a vu deux petits bonhommes qui sourient, et\u00a0 parce que sinon Rebecca pronon\u00e7ait \u201cfout-fout\u2019\u201d et \u00e7a \u00e9nervait Antoine ! Du coup les autres ont dit&#8230; ok!<\/span><\/h6>\n<\/div><div class=\"fusion-separator fusion-full-width-sep\" style=\"align-self: center;margin-left: auto;margin-right: auto;margin-top:40px;width:100%;\"><div class=\"fusion-separator-border sep-double\" style=\"border-color:#e2e2e2;border-top-width:0px;border-bottom-width:0px;\"><\/div><\/div><div class=\"fusion-text fusion-text-4\" style=\"text-align:left;\"><h4>Depuis septembre 2025, le F\u00fct-F\u00fct Collectif s&rsquo;est \u00e9tabli \u00e0 Rennes.<\/h4>\n<p>Une occasion pour d\u00e9couvrir de nouveaux territoires, et d\u00e9velopper le projet de la Grande Vir\u00e9e sur la c\u00f4te bretonne!<\/p>\n<\/div><div style=\"text-align:center;\"><style type=\"text\/css\">.fusion-button.button-1 {border-radius:17px;}<\/style><a class=\"fusion-button button-flat button-xlarge button-default button-1 fusion-button-default-span fusion-button-default-type\" target=\"_self\" href=\"https:\/\/futfutcollectif.fr\/index.php\/cest-qui\/\" style=\"margin-top:30px;\"><span class=\"fusion-button-text\">&gt;&gt; Le F\u00fct-F\u00fct, c&rsquo;est qui ? &lt;&lt;<\/span><\/a><\/div><div class=\"fusion-separator fusion-full-width-sep\" style=\"align-self: center;margin-left: auto;margin-right: auto;margin-top:40px;width:100%;\"><div class=\"fusion-separator-border sep-double\" style=\"border-color:#e2e2e2;border-top-width:0px;border-bottom-width:0px;\"><\/div><\/div><div class=\"fusion-separator fusion-full-width-sep\" style=\"align-self: center;margin-left: auto;margin-right: auto;margin-top:40px;width:100%;\"><div class=\"fusion-separator-border sep-double\" style=\"border-color:#e2e2e2;border-top-width:0px;border-bottom-width:0px;\"><\/div><\/div><style type=\"text\/css\">.fusion-gallery-1 .fusion-gallery-image {border:4px solid #ffffff;}<\/style><div class=\"fusion-gallery fusion-gallery-container fusion-grid-2 fusion-columns-total-4 fusion-gallery-layout-grid fusion-gallery-1\" style=\"margin:-5px;\"><div style=\"padding:5px;\" class=\"fusion-grid-column fusion-gallery-column fusion-gallery-column-2 hover-type-none\"><div class=\"fusion-gallery-image\"><a href=\"https:\/\/futfutcollectif.fr\/wp-content\/uploads\/2020\/03\/Charl\u00e8ne.YVES_.PhotographieUQ0A6726.jpg\" rel=\"noreferrer\" data-rel=\"iLightbox[gallery_image_1]\" class=\"fusion-lightbox\" target=\"_self\"><img decoding=\"async\" src=\"https:\/\/futfutcollectif.fr\/wp-content\/uploads\/2020\/03\/Charl\u00e8ne.YVES_.PhotographieUQ0A6726.jpg\" width=\"1600\" height=\"1067\" alt=\"\" title=\"charlene yves photographieuq0a6726\" aria-label=\"charlene yves photographieuq0a6726\" class=\"img-responsive wp-image-1046\" srcset=\"https:\/\/futfutcollectif.fr\/wp-content\/uploads\/2020\/03\/Charl\u00e8ne.YVES_.PhotographieUQ0A6726-200x133.jpg 200w, https:\/\/futfutcollectif.fr\/wp-content\/uploads\/2020\/03\/Charl\u00e8ne.YVES_.PhotographieUQ0A6726-400x267.jpg 400w, https:\/\/futfutcollectif.fr\/wp-content\/uploads\/2020\/03\/Charl\u00e8ne.YVES_.PhotographieUQ0A6726-600x400.jpg 600w, https:\/\/futfutcollectif.fr\/wp-content\/uploads\/2020\/03\/Charl\u00e8ne.YVES_.PhotographieUQ0A6726-800x534.jpg 800w, https:\/\/futfutcollectif.fr\/wp-content\/uploads\/2020\/03\/Charl\u00e8ne.YVES_.PhotographieUQ0A6726-1200x800.jpg 1200w, https:\/\/futfutcollectif.fr\/wp-content\/uploads\/2020\/03\/Charl\u00e8ne.YVES_.PhotographieUQ0A6726.jpg 1600w\" sizes=\"(min-width: 2200px) 100vw, (min-width: 992px) 598px, (min-width: 920px) 992px, \" \/><\/a><\/div><\/div><div style=\"padding:5px;\" class=\"fusion-grid-column fusion-gallery-column fusion-gallery-column-2 hover-type-none\"><div class=\"fusion-gallery-image\"><a href=\"https:\/\/futfutcollectif.fr\/wp-content\/uploads\/2019\/12\/collectif-2.jpg\" rel=\"noreferrer\" data-rel=\"iLightbox[gallery_image_1]\" class=\"fusion-lightbox\" target=\"_self\"><img decoding=\"async\" src=\"https:\/\/futfutcollectif.fr\/wp-content\/uploads\/2019\/12\/collectif-2.jpg\" width=\"1600\" height=\"1067\" alt=\"collectif clowns\" title=\"collectif clowns\" aria-label=\"collectif clowns\" class=\"img-responsive wp-image-922\" srcset=\"https:\/\/futfutcollectif.fr\/wp-content\/uploads\/2019\/12\/collectif-2-200x133.jpg 200w, https:\/\/futfutcollectif.fr\/wp-content\/uploads\/2019\/12\/collectif-2-400x267.jpg 400w, https:\/\/futfutcollectif.fr\/wp-content\/uploads\/2019\/12\/collectif-2-600x400.jpg 600w, https:\/\/futfutcollectif.fr\/wp-content\/uploads\/2019\/12\/collectif-2-800x534.jpg 800w, https:\/\/futfutcollectif.fr\/wp-content\/uploads\/2019\/12\/collectif-2-1200x800.jpg 1200w, https:\/\/futfutcollectif.fr\/wp-content\/uploads\/2019\/12\/collectif-2.jpg 1600w\" sizes=\"(min-width: 2200px) 100vw, (min-width: 992px) 598px, (min-width: 920px) 992px, \" \/><\/a><\/div><\/div><div class=\"clearfix\"><\/div><div style=\"padding:5px;\" class=\"fusion-grid-column fusion-gallery-column fusion-gallery-column-2 hover-type-none\"><div class=\"fusion-gallery-image\"><a href=\"https:\/\/futfutcollectif.fr\/wp-content\/uploads\/2020\/03\/p-site-e1600430227844.png\" rel=\"noreferrer\" data-rel=\"iLightbox[gallery_image_1]\" class=\"fusion-lightbox\" target=\"_self\"><img decoding=\"async\" src=\"https:\/\/futfutcollectif.fr\/wp-content\/uploads\/2020\/03\/p-site-e1600430227844.png\" width=\"1000\" height=\"667\" alt=\"\" title=\"p site\" aria-label=\"p site\" class=\"img-responsive wp-image-1052\" \/><\/a><\/div><\/div><div style=\"padding:5px;\" class=\"fusion-grid-column fusion-gallery-column fusion-gallery-column-2 hover-type-none\"><div class=\"fusion-gallery-image\"><a href=\"https:\/\/futfutcollectif.fr\/wp-content\/uploads\/2020\/03\/Charl\u00e8ne.YVES_.PhotographieUQ0A6888.jpg\" rel=\"noreferrer\" data-rel=\"iLightbox[gallery_image_1]\" class=\"fusion-lightbox\" target=\"_self\"><img decoding=\"async\" src=\"https:\/\/futfutcollectif.fr\/wp-content\/uploads\/2020\/03\/Charl\u00e8ne.YVES_.PhotographieUQ0A6888.jpg\" width=\"1600\" height=\"1067\" alt=\"\" title=\"charlene yves photographie uq0a6888\" aria-label=\"charlene yves photographie uq0a6888\" class=\"img-responsive wp-image-1048\" srcset=\"https:\/\/futfutcollectif.fr\/wp-content\/uploads\/2020\/03\/Charl\u00e8ne.YVES_.PhotographieUQ0A6888-200x133.jpg 200w, https:\/\/futfutcollectif.fr\/wp-content\/uploads\/2020\/03\/Charl\u00e8ne.YVES_.PhotographieUQ0A6888-400x267.jpg 400w, https:\/\/futfutcollectif.fr\/wp-content\/uploads\/2020\/03\/Charl\u00e8ne.YVES_.PhotographieUQ0A6888-600x400.jpg 600w, https:\/\/futfutcollectif.fr\/wp-content\/uploads\/2020\/03\/Charl\u00e8ne.YVES_.PhotographieUQ0A6888-800x534.jpg 800w, https:\/\/futfutcollectif.fr\/wp-content\/uploads\/2020\/03\/Charl\u00e8ne.YVES_.PhotographieUQ0A6888-1200x800.jpg 1200w, https:\/\/futfutcollectif.fr\/wp-content\/uploads\/2020\/03\/Charl\u00e8ne.YVES_.PhotographieUQ0A6888.jpg 1600w\" sizes=\"(min-width: 2200px) 100vw, (min-width: 992px) 598px, (min-width: 920px) 992px, \" \/><\/a><\/div><\/div><div class=\"clearfix\"><\/div><\/div><\/div><style type=\"text\/css\">.fusion-body .fusion-builder-column-0{width:100% !important;margin-top : 0px;margin-bottom : 0px;}.fusion-builder-column-0 > .fusion-column-wrapper {padding-top : 10% !important;padding-right : 10% !important;margin-right : 0px;padding-bottom : 10% !important;padding-left : 10% !important;margin-left : 0px;}@media only screen and (max-width:1024px) {.fusion-body .fusion-builder-column-0{width:100% !important;}.fusion-builder-column-0 > .fusion-column-wrapper {margin-right : 0px;margin-left : 0px;}}@media only screen and (max-width:640px) {.fusion-body .fusion-builder-column-0{width:100% !important;}.fusion-builder-column-0 > .fusion-column-wrapper {margin-right : 0px;margin-left : 0px;}}<\/style><\/div><\/div><style type=\"text\/css\">.fusion-body .fusion-flex-container.fusion-builder-row-1{ padding-top : 0px;margin-top : -50px;padding-right : 0px;padding-bottom : 0px;margin-bottom : 0px;padding-left : 0px;}<\/style><\/div>\n","protected":false},"excerpt":{"rendered":"","protected":false},"author":1,"featured_media":0,"parent":0,"menu_order":0,"comment_status":"closed","ping_status":"closed","template":"100-width.php","meta":{"footnotes":""},"class_list":["post-9","page","type-page","status-publish","hentry"],"yoast_head":"<!-- This site is optimized with the Yoast SEO plugin v23.5 - https:\/\/yoast.com\/wordpress\/plugins\/seo\/ -->\n<title>Le Collectif - F\u00fct F\u00fct collectif Groupement d&#039;excentriques associ\u00e9s<\/title>\n<meta name=\"description\" content=\"Ils \u00e9taient com\u00e9diens, musiciens, \u00e9ducateurs, artistes de cirque, peintres, marionnettistes, consultant en management et m\u00eame berger !\" \/>\n<meta name=\"robots\" content=\"index, follow, max-snippet:-1, max-image-preview:large, max-video-preview:-1\" \/>\n<link rel=\"canonical\" href=\"https:\/\/futfutcollectif.fr\/index.php\/fut-fut\/\" \/>\n<meta property=\"og:locale\" content=\"fr_FR\" \/>\n<meta property=\"og:type\" content=\"article\" \/>\n<meta property=\"og:title\" content=\"Le Collectif - F\u00fct F\u00fct collectif Groupement d&#039;excentriques associ\u00e9s\" \/>\n<meta property=\"og:description\" content=\"Ils \u00e9taient com\u00e9diens, musiciens, \u00e9ducateurs, artistes de cirque, peintres, marionnettistes, consultant en management et m\u00eame berger !\" \/>\n<meta property=\"og:url\" content=\"https:\/\/futfutcollectif.fr\/index.php\/fut-fut\/\" \/>\n<meta property=\"og:site_name\" content=\"F\u00fct F\u00fct collectif\" \/>\n<meta property=\"article:publisher\" content=\"https:\/\/www.facebook.com\/F%c3%bct-F%c3%bct-collectif-102157784486357\/\" \/>\n<meta property=\"article:modified_time\" content=\"2026-03-16T12:27:50+00:00\" \/>\n<meta property=\"og:image\" content=\"https:\/\/futfutcollectif.fr\/wp-content\/uploads\/2020\/09\/Copie-de-dessin-clown-2-scaled-e1603381236830.jpeg\" \/>\n<meta name=\"twitter:card\" content=\"summary_large_image\" \/>\n<meta name=\"twitter:label1\" content=\"Dur\u00e9e de lecture estim\u00e9e\" \/>\n\t<meta name=\"twitter:data1\" content=\"4 minutes\" \/>\n<script type=\"application\/ld+json\" class=\"yoast-schema-graph\">{\"@context\":\"https:\/\/schema.org\",\"@graph\":[{\"@type\":\"WebPage\",\"@id\":\"https:\/\/futfutcollectif.fr\/index.php\/fut-fut\/\",\"url\":\"https:\/\/futfutcollectif.fr\/index.php\/fut-fut\/\",\"name\":\"Le Collectif - F\u00fct F\u00fct collectif Groupement d&#039;excentriques associ\u00e9s\",\"isPartOf\":{\"@id\":\"https:\/\/futfutcollectif.fr\/#website\"},\"primaryImageOfPage\":{\"@id\":\"https:\/\/futfutcollectif.fr\/index.php\/fut-fut\/#primaryimage\"},\"image\":{\"@id\":\"https:\/\/futfutcollectif.fr\/index.php\/fut-fut\/#primaryimage\"},\"thumbnailUrl\":\"https:\/\/futfutcollectif.fr\/wp-content\/uploads\/2020\/09\/Copie-de-dessin-clown-2-scaled-e1603381236830.jpeg\",\"datePublished\":\"2015-02-02T18:39:07+00:00\",\"dateModified\":\"2026-03-16T12:27:50+00:00\",\"description\":\"Ils \u00e9taient com\u00e9diens, musiciens, \u00e9ducateurs, artistes de cirque, peintres, marionnettistes, consultant en management et m\u00eame berger !\",\"breadcrumb\":{\"@id\":\"https:\/\/futfutcollectif.fr\/index.php\/fut-fut\/#breadcrumb\"},\"inLanguage\":\"fr-FR\",\"potentialAction\":[{\"@type\":\"ReadAction\",\"target\":[\"https:\/\/futfutcollectif.fr\/index.php\/fut-fut\/\"]}]},{\"@type\":\"ImageObject\",\"inLanguage\":\"fr-FR\",\"@id\":\"https:\/\/futfutcollectif.fr\/index.php\/fut-fut\/#primaryimage\",\"url\":\"https:\/\/futfutcollectif.fr\/wp-content\/uploads\/2020\/09\/Copie-de-dessin-clown-2-scaled-e1603381236830.jpeg\",\"contentUrl\":\"https:\/\/futfutcollectif.fr\/wp-content\/uploads\/2020\/09\/Copie-de-dessin-clown-2-scaled-e1603381236830.jpeg\",\"width\":1500,\"height\":1110},{\"@type\":\"BreadcrumbList\",\"@id\":\"https:\/\/futfutcollectif.fr\/index.php\/fut-fut\/#breadcrumb\",\"itemListElement\":[{\"@type\":\"ListItem\",\"position\":1,\"name\":\"Accueil\",\"item\":\"https:\/\/futfutcollectif.fr\/\"},{\"@type\":\"ListItem\",\"position\":2,\"name\":\"Le Collectif\"}]},{\"@type\":\"WebSite\",\"@id\":\"https:\/\/futfutcollectif.fr\/#website\",\"url\":\"https:\/\/futfutcollectif.fr\/\",\"name\":\"F\u00fct F\u00fct collectif\",\"description\":\"Groupement d&#039;excentriques associ\u00e9s\",\"publisher\":{\"@id\":\"https:\/\/futfutcollectif.fr\/#organization\"},\"potentialAction\":[{\"@type\":\"SearchAction\",\"target\":{\"@type\":\"EntryPoint\",\"urlTemplate\":\"https:\/\/futfutcollectif.fr\/?s={search_term_string}\"},\"query-input\":{\"@type\":\"PropertyValueSpecification\",\"valueRequired\":true,\"valueName\":\"search_term_string\"}}],\"inLanguage\":\"fr-FR\"},{\"@type\":\"Organization\",\"@id\":\"https:\/\/futfutcollectif.fr\/#organization\",\"name\":\"F\u00fct F\u00fct collectif\",\"url\":\"https:\/\/futfutcollectif.fr\/\",\"logo\":{\"@type\":\"ImageObject\",\"inLanguage\":\"fr-FR\",\"@id\":\"https:\/\/futfutcollectif.fr\/#\/schema\/logo\/image\/\",\"url\":\"https:\/\/futfutcollectif.fr\/wp-content\/uploads\/2019\/12\/futfutcollectifsite-internet-e1575997325447-1.jpg\",\"contentUrl\":\"https:\/\/futfutcollectif.fr\/wp-content\/uploads\/2019\/12\/futfutcollectifsite-internet-e1575997325447-1.jpg\",\"width\":200,\"height\":354,\"caption\":\"F\u00fct F\u00fct collectif\"},\"image\":{\"@id\":\"https:\/\/futfutcollectif.fr\/#\/schema\/logo\/image\/\"},\"sameAs\":[\"https:\/\/www.facebook.com\/F\u00fct-F\u00fct-collectif-102157784486357\/\",\"https:\/\/www.instagram.com\/futfutcollectif\/\"]}]}<\/script>\n<!-- \/ Yoast SEO plugin. -->","yoast_head_json":{"title":"Le Collectif - F\u00fct F\u00fct collectif Groupement d&#039;excentriques associ\u00e9s","description":"Ils \u00e9taient com\u00e9diens, musiciens, \u00e9ducateurs, artistes de cirque, peintres, marionnettistes, consultant en management et m\u00eame berger !","robots":{"index":"index","follow":"follow","max-snippet":"max-snippet:-1","max-image-preview":"max-image-preview:large","max-video-preview":"max-video-preview:-1"},"canonical":"https:\/\/futfutcollectif.fr\/index.php\/fut-fut\/","og_locale":"fr_FR","og_type":"article","og_title":"Le Collectif - F\u00fct F\u00fct collectif Groupement d&#039;excentriques associ\u00e9s","og_description":"Ils \u00e9taient com\u00e9diens, musiciens, \u00e9ducateurs, artistes de cirque, peintres, marionnettistes, consultant en management et m\u00eame berger !","og_url":"https:\/\/futfutcollectif.fr\/index.php\/fut-fut\/","og_site_name":"F\u00fct F\u00fct collectif","article_publisher":"https:\/\/www.facebook.com\/F%c3%bct-F%c3%bct-collectif-102157784486357\/","article_modified_time":"2026-03-16T12:27:50+00:00","og_image":[{"url":"https:\/\/futfutcollectif.fr\/wp-content\/uploads\/2020\/09\/Copie-de-dessin-clown-2-scaled-e1603381236830.jpeg"}],"twitter_card":"summary_large_image","twitter_misc":{"Dur\u00e9e de lecture estim\u00e9e":"4 minutes"},"schema":{"@context":"https:\/\/schema.org","@graph":[{"@type":"WebPage","@id":"https:\/\/futfutcollectif.fr\/index.php\/fut-fut\/","url":"https:\/\/futfutcollectif.fr\/index.php\/fut-fut\/","name":"Le Collectif - F\u00fct F\u00fct collectif Groupement d&#039;excentriques associ\u00e9s","isPartOf":{"@id":"https:\/\/futfutcollectif.fr\/#website"},"primaryImageOfPage":{"@id":"https:\/\/futfutcollectif.fr\/index.php\/fut-fut\/#primaryimage"},"image":{"@id":"https:\/\/futfutcollectif.fr\/index.php\/fut-fut\/#primaryimage"},"thumbnailUrl":"https:\/\/futfutcollectif.fr\/wp-content\/uploads\/2020\/09\/Copie-de-dessin-clown-2-scaled-e1603381236830.jpeg","datePublished":"2015-02-02T18:39:07+00:00","dateModified":"2026-03-16T12:27:50+00:00","description":"Ils \u00e9taient com\u00e9diens, musiciens, \u00e9ducateurs, artistes de cirque, peintres, marionnettistes, consultant en management et m\u00eame berger !","breadcrumb":{"@id":"https:\/\/futfutcollectif.fr\/index.php\/fut-fut\/#breadcrumb"},"inLanguage":"fr-FR","potentialAction":[{"@type":"ReadAction","target":["https:\/\/futfutcollectif.fr\/index.php\/fut-fut\/"]}]},{"@type":"ImageObject","inLanguage":"fr-FR","@id":"https:\/\/futfutcollectif.fr\/index.php\/fut-fut\/#primaryimage","url":"https:\/\/futfutcollectif.fr\/wp-content\/uploads\/2020\/09\/Copie-de-dessin-clown-2-scaled-e1603381236830.jpeg","contentUrl":"https:\/\/futfutcollectif.fr\/wp-content\/uploads\/2020\/09\/Copie-de-dessin-clown-2-scaled-e1603381236830.jpeg","width":1500,"height":1110},{"@type":"BreadcrumbList","@id":"https:\/\/futfutcollectif.fr\/index.php\/fut-fut\/#breadcrumb","itemListElement":[{"@type":"ListItem","position":1,"name":"Accueil","item":"https:\/\/futfutcollectif.fr\/"},{"@type":"ListItem","position":2,"name":"Le Collectif"}]},{"@type":"WebSite","@id":"https:\/\/futfutcollectif.fr\/#website","url":"https:\/\/futfutcollectif.fr\/","name":"F\u00fct F\u00fct collectif","description":"Groupement d&#039;excentriques associ\u00e9s","publisher":{"@id":"https:\/\/futfutcollectif.fr\/#organization"},"potentialAction":[{"@type":"SearchAction","target":{"@type":"EntryPoint","urlTemplate":"https:\/\/futfutcollectif.fr\/?s={search_term_string}"},"query-input":{"@type":"PropertyValueSpecification","valueRequired":true,"valueName":"search_term_string"}}],"inLanguage":"fr-FR"},{"@type":"Organization","@id":"https:\/\/futfutcollectif.fr\/#organization","name":"F\u00fct F\u00fct collectif","url":"https:\/\/futfutcollectif.fr\/","logo":{"@type":"ImageObject","inLanguage":"fr-FR","@id":"https:\/\/futfutcollectif.fr\/#\/schema\/logo\/image\/","url":"https:\/\/futfutcollectif.fr\/wp-content\/uploads\/2019\/12\/futfutcollectifsite-internet-e1575997325447-1.jpg","contentUrl":"https:\/\/futfutcollectif.fr\/wp-content\/uploads\/2019\/12\/futfutcollectifsite-internet-e1575997325447-1.jpg","width":200,"height":354,"caption":"F\u00fct F\u00fct collectif"},"image":{"@id":"https:\/\/futfutcollectif.fr\/#\/schema\/logo\/image\/"},"sameAs":["https:\/\/www.facebook.com\/F\u00fct-F\u00fct-collectif-102157784486357\/","https:\/\/www.instagram.com\/futfutcollectif\/"]}]}},"_links":{"self":[{"href":"https:\/\/futfutcollectif.fr\/index.php\/wp-json\/wp\/v2\/pages\/9","targetHints":{"allow":["GET"]}}],"collection":[{"href":"https:\/\/futfutcollectif.fr\/index.php\/wp-json\/wp\/v2\/pages"}],"about":[{"href":"https:\/\/futfutcollectif.fr\/index.php\/wp-json\/wp\/v2\/types\/page"}],"author":[{"embeddable":true,"href":"https:\/\/futfutcollectif.fr\/index.php\/wp-json\/wp\/v2\/users\/1"}],"replies":[{"embeddable":true,"href":"https:\/\/futfutcollectif.fr\/index.php\/wp-json\/wp\/v2\/comments?post=9"}],"version-history":[{"count":70,"href":"https:\/\/futfutcollectif.fr\/index.php\/wp-json\/wp\/v2\/pages\/9\/revisions"}],"predecessor-version":[{"id":4187,"href":"https:\/\/futfutcollectif.fr\/index.php\/wp-json\/wp\/v2\/pages\/9\/revisions\/4187"}],"wp:attachment":[{"href":"https:\/\/futfutcollectif.fr\/index.php\/wp-json\/wp\/v2\/media?parent=9"}],"curies":[{"name":"wp","href":"https:\/\/api.w.org\/{rel}","templated":true}]}}